{"id":548,"date":"2018-06-06T12:47:50","date_gmt":"2018-06-06T12:47:50","guid":{"rendered":"https:\/\/seedomatic.es\/?page_id=548"},"modified":"2018-06-11T12:55:06","modified_gmt":"2018-06-11T12:55:06","slug":"que-es-seed-o-matic","status":"publish","type":"page","link":"https:\/\/seedomatic.es\/?page_id=548","title":{"rendered":"Seed-O-Matic"},"content":{"rendered":"<p>[et_pb_section bb_built=\u00bb1&#8243; next_background_color=\u00bb#ffffff\u00bb _builder_version=\u00bb3.5.1&#8243; background_image=\u00bbhttps:\/\/seedomatic.es\/wp-content\/uploads\/2018\/06\/fondo.jpg\u00bb][et_pb_row _builder_version=\u00bb3.5.1&#8243; background_color=\u00bbrgba(224,153,0,0.48)\u00bb][et_pb_column type=\u00bb4_4&#8243;][et_pb_text _builder_version=\u00bb3.5.1&#8243; box_shadow_style=\u00bbpreset1&#8243;]<\/p>\n<h2 style=\"text-align: center;\"><span style=\"color: #ffffff;\"><strong>Seed-O-Matic<\/strong><\/span><\/h2>\n<p>[\/et_pb_text][\/et_pb_column][\/et_pb_row][\/et_pb_section][et_pb_section bb_built=\u00bb1&#8243; fullwidth=\u00bboff\u00bb specialty=\u00bboff\u00bb prev_background_color=\u00bb#000000&#8243;][et_pb_row][et_pb_column type=\u00bb4_4&#8243;][et_pb_text _builder_version=\u00bb3.5.1&#8243;]<\/p>\n<h1><span style=\"color: #ef9027;\"><strong>Seed-O-Matic 50<\/strong><\/span> es la soluci\u00f3n perfecta para el grow y para el cliente.<\/h1>\n<h2><\/h2>\n<h2><span style=\"color: #ef9027;\"><strong>Seed-O-Matic 50<\/strong><\/span> pone a disposici\u00f3n del grow un sistema de almacenamiento climatizado dise\u00f1ado especialmente para el almacenamiento de las semillas, donde las variedades quedan ordenadas mediante un sistema de slots. El sistema incluye una pistola lectora de c\u00f3digos de barras y una aplicaci\u00f3n a modo de TPV para procesar las ventas de la forma m\u00e1s f\u00e1cil y r\u00e1pida.<\/h2>\n<p>&nbsp;<\/p>\n<p><iframe loading=\"lazy\" src=\"https:\/\/www.weedly.tv\/media\/embed?key=5f45d3b23ddafe1ce9e6de78a4c24af4&amp;width=600&amp;height=338&amp;autoplay=true&amp;autolightsoff=false&amp;loop=false&amp;chapters=false&amp;related=false&amp;responsive=false\" width=\"600\" height=\"338\" frameborder=\"0\" scrolling=\"no\" allowfullscreen=\"allowfullscreen\"><\/iframe><\/p>\n<p>&nbsp;<\/p>\n<h2>Se acompa\u00f1a de un totem informativo para el usuario, que incluye una pantalla t\u00e1ctil con el men\u00fa <span style=\"color: #ef9027;\"><strong>Seed-O-Matic<\/strong><\/span> donde se pueden ver las fichas de cada variedad, pudiendo filtrar por bancos de semillas, tipo, autom\u00e1ticas, feminizadas, sabores, efectos, etc.<\/h2>\n<p>[\/et_pb_text][\/et_pb_column][\/et_pb_row][\/et_pb_section]<\/p>\n","protected":false},"excerpt":{"rendered":"<p>Seed-O-Matic <div class=\"et_pb_row et_pb_row_0 et_pb_row_empty\">\n\t\t\t\t\n\t\t\t\t\n\t\t\t\t\n\t\t\t\t\n\t\t\t\t\n\t\t\t<\/div> Seed-O-Matic 50 es la soluci\u00f3n perfecta para el grow y para el cliente. Seed-O-Matic 50 pone a disposici\u00f3n del grow un sistema de almacenamiento climatizado dise\u00f1ado especialmente para el almacenamiento de las semillas, donde las variedades quedan ordenadas mediante un sistema de slots. El sistema incluye una pistola lectora de c\u00f3digos de barras [&hellip;]<\/p>\n","protected":false},"author":1,"featured_media":0,"parent":0,"menu_order":0,"comment_status":"closed","ping_status":"closed","template":"","meta":{"_et_pb_use_builder":"on","_et_pb_old_content":"","_et_gb_content_width":"","footnotes":""},"class_list":["post-548","page","type-page","status-publish","hentry"],"_links":{"self":[{"href":"https:\/\/seedomatic.es\/index.php?rest_route=\/wp\/v2\/pages\/548","targetHints":{"allow":["GET"]}}],"collection":[{"href":"https:\/\/seedomatic.es\/index.php?rest_route=\/wp\/v2\/pages"}],"about":[{"href":"https:\/\/seedomatic.es\/index.php?rest_route=\/wp\/v2\/types\/page"}],"author":[{"embeddable":true,"href":"https:\/\/seedomatic.es\/index.php?rest_route=\/wp\/v2\/users\/1"}],"replies":[{"embeddable":true,"href":"https:\/\/seedomatic.es\/index.php?rest_route=%2Fwp%2Fv2%2Fcomments&post=548"}],"version-history":[{"count":12,"href":"https:\/\/seedomatic.es\/index.php?rest_route=\/wp\/v2\/pages\/548\/revisions"}],"predecessor-version":[{"id":725,"href":"https:\/\/seedomatic.es\/index.php?rest_route=\/wp\/v2\/pages\/548\/revisions\/725"}],"wp:attachment":[{"href":"https:\/\/seedomatic.es\/index.php?rest_route=%2Fwp%2Fv2%2Fmedia&parent=548"}],"curies":[{"name":"wp","href":"https:\/\/api.w.org\/{rel}","templated":true}]}}